{"id":164,"date":"2024-11-29T20:26:29","date_gmt":"2024-11-29T20:26:29","guid":{"rendered":"http:\/\/www.fxsystem.com.tr\/?page_id=164"},"modified":"2024-11-30T15:02:51","modified_gmt":"2024-11-30T15:02:51","slug":"ibb-fatih-kariye-sosyal-yasam-merkezi","status":"publish","type":"page","link":"https:\/\/www.fxsystem.com.tr\/index.php\/ibb-fatih-kariye-sosyal-yasam-merkezi\/","title":{"rendered":"\u0130BB FAT\u0130H KAR\u0130YE SOSYAL YA\u015eAM MERKEZ\u0130"},"content":{"rendered":"\t\t<div data-elementor-type=\"wp-page\" data-elementor-id=\"164\" class=\"elementor elementor-164\">\n\t\t\t\t<div class=\"elementor-element elementor-element-ee3295f e-con-full e-flex e-con e-child\" data-id=\"ee3295f\" data-element_type=\"container\" data-e-type=\"container\">\n\t\t<div class=\"elementor-element elementor-element-d65c0c7 e-con-full e-flex e-con e-child\" data-id=\"d65c0c7\" data-element_type=\"container\" data-e-type=\"container\">\n\t\t\t\t<\/div>\n\t\t<div class=\"elementor-element elementor-element-b9ef1f0 e-con-full e-flex e-con e-child\" data-id=\"b9ef1f0\" data-element_type=\"container\" data-e-type=\"container\">\n\t\t<div class=\"elementor-element elementor-element-64ed001 e-grid e-con-full e-con e-child\" data-id=\"64ed001\" data-element_type=\"container\" data-e-type=\"container\">\n\t\t\t\t<div class=\"elementor-element elementor-element-a4c14cf elementor-widget elementor-widget-image\" data-id=\"a4c14cf\" data-element_type=\"widget\" data-e-type=\"widget\" data-widget_type=\"image.default\">\n\t\t\t\t<div class=\"elementor-widget-container\">\n\t\t\t\t\t\t\t\t\t\t\t\t\t\t\t<img fetchpriority=\"high\" decoding=\"async\" width=\"1600\" height=\"1072\" src=\"http:\/\/www.fxsystem.com.tr\/wp-content\/uploads\/2024\/11\/kariye.jpeg\" class=\"attachment-full size-full wp-image-70\" alt=\"\" srcset=\"http:\/\/www.fxsystem.com.tr\/wp-content\/uploads\/2024\/11\/kariye.jpeg 1600w, http:\/\/www.fxsystem.com.tr\/wp-content\/uploads\/2024\/11\/kariye-300x201.jpeg 300w, http:\/\/www.fxsystem.com.tr\/wp-content\/uploads\/2024\/11\/kariye-1024x686.jpeg 1024w, http:\/\/www.fxsystem.com.tr\/wp-content\/uploads\/2024\/11\/kariye-768x515.jpeg 768w, http:\/\/www.fxsystem.com.tr\/wp-content\/uploads\/2024\/11\/kariye-1536x1029.jpeg 1536w\" sizes=\"(max-width: 1600px) 100vw, 1600px\" \/>\t\t\t\t\t\t\t\t\t\t\t\t\t\t\t<\/div>\n\t\t\t\t<\/div>\n\t\t\t\t<\/div>\n\t\t\t\t<\/div>\n\t\t<div class=\"elementor-element elementor-element-d12f2a2 e-con-full e-flex e-con e-child\" data-id=\"d12f2a2\" data-element_type=\"container\" data-e-type=\"container\">\n\t\t\t\t<div class=\"elementor-element elementor-element-411a066 elementor-widget elementor-widget-heading\" data-id=\"411a066\" data-element_type=\"widget\" data-e-type=\"widget\" data-widget_type=\"heading.default\">\n\t\t\t\t<div class=\"elementor-widget-container\">\n\t\t\t\t\t<h2 class=\"elementor-heading-title elementor-size-default\">\u0130BB FAT\u0130H KAR\u0130YE SOSYAL YA\u015eAM MERKEZ\u0130<\/h2>\t\t\t\t<\/div>\n\t\t\t\t<\/div>\n\t\t<div class=\"elementor-element elementor-element-b4ee684 e-grid e-con-full e-con e-child\" data-id=\"b4ee684\" data-element_type=\"container\" data-e-type=\"container\">\n\t\t\t\t<div class=\"elementor-element elementor-element-dee1f25 elementor-widget elementor-widget-heading\" data-id=\"dee1f25\" data-element_type=\"widget\" data-e-type=\"widget\" data-widget_type=\"heading.default\">\n\t\t\t\t<div class=\"elementor-widget-container\">\n\t\t\t\t\t<h2 class=\"elementor-heading-title elementor-size-default\">YAPILAN \u0130\u015eLER<\/h2>\t\t\t\t<\/div>\n\t\t\t\t<\/div>\n\t\t\t\t<div class=\"elementor-element elementor-element-7227b03 elementor-widget elementor-widget-text-editor\" data-id=\"7227b03\" data-element_type=\"widget\" data-e-type=\"widget\" data-widget_type=\"text-editor.default\">\n\t\t\t\t<div class=\"elementor-widget-container\">\n\t\t\t\t\t\t\t\t\t<div class=\"wp-block-columns\">\n<div class=\"wp-block-column has-medium-font-size\" style=\"flex-basis: 100%;\">\n<div class=\"wp-block-columns\">\n<div class=\"wp-block-column has-medium-font-size\" style=\"flex-basis: 100%;\">\n<div class=\"wp-block-columns\">\n<div class=\"wp-block-column has-medium-font-size\" style=\"flex-basis: 66.66%;\">\n<p>Elektrik G\u00fc\u00e7 Tesisat\u0131<\/p>\n<p>Elektrik Panolar\u0131n\u0131n Tasar\u0131m ve \u0130malatlar\u0131<\/p>\n<p>Ayd\u0131nlatma Tasar\u0131m, Projelendirme ve Uygulamalar\u0131<\/p>\n<ul>\n<li>Ayd\u0131nlatma\u00a0 Otomasyonu<\/li>\n<\/ul>\n<p>Zay\u0131f Ak\u0131m Sistemleri<\/p>\n<ul>\n<li>Yang\u0131n \u0130hbar Sistemleri<\/li>\n<li>Kamera Sistemleri<\/li>\n<li>Data, Telefon ve TV Sistemleri<\/li>\n<li>Acil Anons ve Ses Sistemleri<\/li>\n<li>G\u00fcvenlik Sistemleri<\/li>\n<\/ul>\n<p>Topraklama ve Paratoner Sistemleri<\/p>\n<!-- \/wp:freeform --><\/div>\n<!-- \/wp:column --><\/div>\n<p><!-- \/wp:columns --><!-- wp:paragraph --><\/p>\n<p>\u00a0<\/p>\n<\/div>\n<\/div>\n<!-- \/wp:freeform --><\/div>\n<!-- \/wp:column --><\/div>\n<p><!-- \/wp:columns --><!-- wp:paragraph --><\/p>\t\t\t\t\t\t\t\t<\/div>\n\t\t\t\t<\/div>\n\t\t\t\t<\/div>\n\t\t\t\t<\/div>\n\t\t\t\t<\/div>\n\t\t\t\t<\/div>\n\t\t","protected":false},"excerpt":{"rendered":"<p>\u0130BB FAT\u0130H KAR\u0130YE SOSYAL YA\u015eAM MERKEZ\u0130 YAPILAN \u0130\u015eLER Elektrik G\u00fc\u00e7 Tesisat\u0131 Elektrik Panolar\u0131n\u0131n Tasar\u0131m ve \u0130malatlar\u0131 Ayd\u0131nlatma Tasar\u0131m, Projelendirme ve Uygulamalar\u0131 Ayd\u0131nlatma\u00a0 Otomasyonu Zay\u0131f Ak\u0131m Sistemleri Yang\u0131n \u0130hbar Sistemleri Kamera Sistemleri Data, Telefon ve TV Sistemleri Acil Anons ve Ses Sistemleri G\u00fcvenlik Sistemleri Topraklama ve Paratoner Sistemleri \u00a0<\/p>\n","protected":false},"author":1,"featured_media":0,"parent":0,"menu_order":0,"comment_status":"closed","ping_status":"closed","template":"page-templates\/pagebuilder.php","meta":{"_eb_attr":"","footnotes":""},"class_list":["post-164","page","type-page","status-publish","hentry"],"_links":{"self":[{"href":"https:\/\/www.fxsystem.com.tr\/index.php\/wp-json\/wp\/v2\/pages\/164","targetHints":{"allow":["GET"]}}],"collection":[{"href":"https:\/\/www.fxsystem.com.tr\/index.php\/wp-json\/wp\/v2\/pages"}],"about":[{"href":"https:\/\/www.fxsystem.com.tr\/index.php\/wp-json\/wp\/v2\/types\/page"}],"author":[{"embeddable":true,"href":"https:\/\/www.fxsystem.com.tr\/index.php\/wp-json\/wp\/v2\/users\/1"}],"replies":[{"embeddable":true,"href":"https:\/\/www.fxsystem.com.tr\/index.php\/wp-json\/wp\/v2\/comments?post=164"}],"version-history":[{"count":7,"href":"https:\/\/www.fxsystem.com.tr\/index.php\/wp-json\/wp\/v2\/pages\/164\/revisions"}],"predecessor-version":[{"id":235,"href":"https:\/\/www.fxsystem.com.tr\/index.php\/wp-json\/wp\/v2\/pages\/164\/revisions\/235"}],"wp:attachment":[{"href":"https:\/\/www.fxsystem.com.tr\/index.php\/wp-json\/wp\/v2\/media?parent=164"}],"curies":[{"name":"wp","href":"https:\/\/api.w.org\/{rel}","templated":true}]}}