{"id":181,"date":"2024-11-30T09:28:40","date_gmt":"2024-11-30T09:28:40","guid":{"rendered":"http:\/\/www.fxsystem.com.tr\/index.php\/artesian\/"},"modified":"2024-11-30T10:06:25","modified_gmt":"2024-11-30T10:06:25","slug":"projeler","status":"publish","type":"page","link":"https:\/\/www.fxsystem.com.tr\/index.php\/projeler\/","title":{"rendered":"PROJELER\u0130M\u0130Z"},"content":{"rendered":"\t\t<div data-elementor-type=\"page\" data-elementor-id=\"181\" class=\"elementor elementor-181\">\n\t\t\t\t\t\t<section class=\"elementor-section elementor-top-section elementor-element elementor-element-1299492e elementor-section-height-min-height elementor-section-boxed elementor-section-height-default elementor-section-items-middle\" data-id=\"1299492e\" data-element_type=\"section\" data-e-type=\"section\" data-settings=\"{&quot;background_background&quot;:&quot;classic&quot;}\">\n\t\t\t\t\t\t\t<div class=\"elementor-background-overlay\"><\/div>\n\t\t\t\t\t\t\t<div class=\"elementor-container elementor-column-gap-default\">\n\t\t\t\t\t<div class=\"elementor-column elementor-col-100 elementor-top-column elementor-element elementor-element-66aed934\" data-id=\"66aed934\" data-element_type=\"column\" data-e-type=\"column\">\n\t\t\t<div class=\"elementor-widget-wrap elementor-element-populated\">\n\t\t\t\t\t\t<section class=\"elementor-section elementor-inner-section elementor-element elementor-element-4cd185f6 elementor-section-boxed elementor-section-height-default elementor-section-height-default\" data-id=\"4cd185f6\" data-element_type=\"section\" data-e-type=\"section\">\n\t\t\t\t\t\t<div class=\"elementor-container elementor-column-gap-default\">\n\t\t\t\t\t<div class=\"elementor-column elementor-col-100 elementor-inner-column elementor-element elementor-element-7110bd5e\" data-id=\"7110bd5e\" data-element_type=\"column\" data-e-type=\"column\">\n\t\t\t<div class=\"elementor-widget-wrap elementor-element-populated\">\n\t\t\t\t\t\t<div class=\"elementor-element elementor-element-11aee9db elementor-widget-tablet__width-inherit elementor-invisible elementor-widget elementor-widget-heading\" data-id=\"11aee9db\" data-element_type=\"widget\" data-e-type=\"widget\" data-settings=\"{&quot;_animation&quot;:&quot;fadeInUp&quot;,&quot;_animation_delay&quot;:1000}\" data-widget_type=\"heading.default\">\n\t\t\t\t<div class=\"elementor-widget-container\">\n\t\t\t\t\t<h1 class=\"elementor-heading-title elementor-size-default\">PROJELER\u0130M\u0130Z<\/h1>\t\t\t\t<\/div>\n\t\t\t\t<\/div>\n\t\t\t\t\t<\/div>\n\t\t<\/div>\n\t\t\t\t\t<\/div>\n\t\t<\/section>\n\t\t\t\t\t<\/div>\n\t\t<\/div>\n\t\t\t\t\t<\/div>\n\t\t<\/section>\n\t\t\t\t<section class=\"elementor-section elementor-top-section elementor-element elementor-element-35c66aef elementor-section-boxed elementor-section-height-default elementor-section-height-default\" data-id=\"35c66aef\" data-element_type=\"section\" data-e-type=\"section\">\n\t\t\t\t\t\t\t<div class=\"elementor-background-overlay\"><\/div>\n\t\t\t\t\t\t\t<div class=\"elementor-container elementor-column-gap-default\">\n\t\t\t\t\t<div class=\"elementor-column elementor-col-100 elementor-top-column elementor-element elementor-element-6f888a0\" data-id=\"6f888a0\" data-element_type=\"column\" data-e-type=\"column\">\n\t\t\t<div class=\"elementor-widget-wrap elementor-element-populated\">\n\t\t\t\t\t\t<section class=\"elementor-section elementor-inner-section elementor-element elementor-element-269d4d2e elementor-section-boxed elementor-section-height-default elementor-section-height-default elementor-invisible\" data-id=\"269d4d2e\" data-element_type=\"section\" data-e-type=\"section\" data-settings=\"{&quot;animation&quot;:&quot;fadeInUp&quot;}\">\n\t\t\t\t\t\t<div class=\"elementor-container elementor-column-gap-default\">\n\t\t\t\t\t<div class=\"elementor-column elementor-col-100 elementor-inner-column elementor-element elementor-element-26038e84\" data-id=\"26038e84\" data-element_type=\"column\" data-e-type=\"column\">\n\t\t\t<div class=\"elementor-widget-wrap elementor-element-populated\">\n\t\t\t\t\t\t<div class=\"elementor-element elementor-element-23a5ae77 elementor-widget elementor-widget-heading\" data-id=\"23a5ae77\" data-element_type=\"widget\" data-e-type=\"widget\" data-widget_type=\"heading.default\">\n\t\t\t\t<div class=\"elementor-widget-container\">\n\t\t\t\t\t<h5 class=\"elementor-heading-title elementor-size-default\">PROJELER\u0130M\u0130Z<\/h5>\t\t\t\t<\/div>\n\t\t\t\t<\/div>\n\t\t\t\t\t<\/div>\n\t\t<\/div>\n\t\t\t\t\t<\/div>\n\t\t<\/section>\n\t\t\t\t<section class=\"elementor-section elementor-inner-section elementor-element elementor-element-dc69066 elementor-reverse-mobile elementor-section-boxed elementor-section-height-default elementor-section-height-default\" data-id=\"dc69066\" data-element_type=\"section\" data-e-type=\"section\">\n\t\t\t\t\t\t<div class=\"elementor-container elementor-column-gap-default\">\n\t\t\t\t\t<div class=\"elementor-column elementor-col-50 elementor-inner-column elementor-element elementor-element-7ab06d38\" data-id=\"7ab06d38\" data-element_type=\"column\" data-e-type=\"column\">\n\t\t\t<div class=\"elementor-widget-wrap elementor-element-populated\">\n\t\t\t\t\t\t<div class=\"elementor-element elementor-element-80c3599 e-transform elementor-widget elementor-widget-image\" data-id=\"80c3599\" data-element_type=\"widget\" data-e-type=\"widget\" data-settings=\"{&quot;_transform_rotateZ_effect_hover&quot;:{&quot;unit&quot;:&quot;px&quot;,&quot;size&quot;:&quot;&quot;,&quot;sizes&quot;:[]},&quot;_transform_rotateZ_effect_hover_tablet&quot;:{&quot;unit&quot;:&quot;deg&quot;,&quot;size&quot;:&quot;&quot;,&quot;sizes&quot;:[]},&quot;_transform_rotateZ_effect_hover_mobile&quot;:{&quot;unit&quot;:&quot;deg&quot;,&quot;size&quot;:&quot;&quot;,&quot;sizes&quot;:[]}}\" data-widget_type=\"image.default\">\n\t\t\t\t<div class=\"elementor-widget-container\">\n\t\t\t\t\t\t\t\t\t\t\t\t<figure class=\"wp-caption\">\n\t\t\t\t\t\t\t\t\t\t\t<a href=\"http:\/\/www.fxsystem.com.tr\/index.php\/ibb-fatih-kariye-sosyal-yasam-merkezi\/\">\n\t\t\t\t\t\t\t<img fetchpriority=\"high\" decoding=\"async\" width=\"1024\" height=\"686\" src=\"http:\/\/www.fxsystem.com.tr\/wp-content\/uploads\/2024\/11\/kariye-1024x686.jpeg\" class=\"elementor-animation-shrink attachment-large size-large wp-image-70\" alt=\"\" srcset=\"http:\/\/www.fxsystem.com.tr\/wp-content\/uploads\/2024\/11\/kariye-1024x686.jpeg 1024w, http:\/\/www.fxsystem.com.tr\/wp-content\/uploads\/2024\/11\/kariye-300x201.jpeg 300w, http:\/\/www.fxsystem.com.tr\/wp-content\/uploads\/2024\/11\/kariye-768x515.jpeg 768w, http:\/\/www.fxsystem.com.tr\/wp-content\/uploads\/2024\/11\/kariye-1536x1029.jpeg 1536w, http:\/\/www.fxsystem.com.tr\/wp-content\/uploads\/2024\/11\/kariye.jpeg 1600w\" sizes=\"(max-width: 1024px) 100vw, 1024px\" \/>\t\t\t\t\t\t\t\t<\/a>\n\t\t\t\t\t\t\t\t\t\t\t<figcaption class=\"widget-image-caption wp-caption-text\">\u0130BB FAT\u0130H KAR\u0130YE SOSYAL YA\u015eAM MERKEZ\u0130<\/figcaption>\n\t\t\t\t\t\t\t\t\t\t<\/figure>\n\t\t\t\t\t\t\t\t\t<\/div>\n\t\t\t\t<\/div>\n\t\t\t\t\t<\/div>\n\t\t<\/div>\n\t\t\t\t<div class=\"elementor-column elementor-col-50 elementor-inner-column elementor-element elementor-element-5df9907c\" data-id=\"5df9907c\" data-element_type=\"column\" data-e-type=\"column\">\n\t\t\t<div class=\"elementor-widget-wrap elementor-element-populated\">\n\t\t\t\t\t\t<div class=\"elementor-element elementor-element-30ccb8b elementor-widget elementor-widget-image\" data-id=\"30ccb8b\" data-element_type=\"widget\" data-e-type=\"widget\" data-widget_type=\"image.default\">\n\t\t\t\t<div class=\"elementor-widget-container\">\n\t\t\t\t\t\t\t\t\t\t\t\t<figure class=\"wp-caption\">\n\t\t\t\t\t\t\t\t\t\t\t<a href=\"http:\/\/www.fxsystem.com.tr\/index.php\/ibb-kartal-sosyal-yasam-merkezi\/\">\n\t\t\t\t\t\t\t<img decoding=\"async\" width=\"300\" height=\"300\" src=\"http:\/\/www.fxsystem.com.tr\/wp-content\/uploads\/2024\/11\/Ibb_amblem.png\" class=\"elementor-animation-shrink attachment-large size-large wp-image-74\" alt=\"\" srcset=\"http:\/\/www.fxsystem.com.tr\/wp-content\/uploads\/2024\/11\/Ibb_amblem.png 300w, http:\/\/www.fxsystem.com.tr\/wp-content\/uploads\/2024\/11\/Ibb_amblem-150x150.png 150w\" sizes=\"(max-width: 300px) 100vw, 300px\" \/>\t\t\t\t\t\t\t\t<\/a>\n\t\t\t\t\t\t\t\t\t\t\t<figcaption class=\"widget-image-caption wp-caption-text\">\u0130BB KARTAL SOSYAL YA\u015eAM MERKEZ\u0130<\/figcaption>\n\t\t\t\t\t\t\t\t\t\t<\/figure>\n\t\t\t\t\t\t\t\t\t<\/div>\n\t\t\t\t<\/div>\n\t\t\t\t\t<\/div>\n\t\t<\/div>\n\t\t\t\t\t<\/div>\n\t\t<\/section>\n\t\t<div class=\"elementor-element elementor-element-1ee6231 e-grid e-con-boxed e-con e-parent\" data-id=\"1ee6231\" data-element_type=\"container\" data-e-type=\"container\">\n\t\t\t\t\t<div class=\"e-con-inner\">\n\t\t\t\t<div class=\"elementor-element elementor-element-93dd113 elementor-widget elementor-widget-image\" data-id=\"93dd113\" data-element_type=\"widget\" data-e-type=\"widget\" data-widget_type=\"image.default\">\n\t\t\t\t<div class=\"elementor-widget-container\">\n\t\t\t\t\t\t\t\t\t\t\t\t<figure class=\"wp-caption\">\n\t\t\t\t\t\t\t\t\t\t\t<a href=\"http:\/\/www.fxsystem.com.tr\/index.php\/white-pepper-2\/\">\n\t\t\t\t\t\t\t<img decoding=\"async\" width=\"810\" height=\"525\" src=\"http:\/\/www.fxsystem.com.tr\/wp-content\/uploads\/2024\/11\/white-pepper.jpg\" class=\"elementor-animation-shrink attachment-large size-large wp-image-49\" alt=\"\" srcset=\"http:\/\/www.fxsystem.com.tr\/wp-content\/uploads\/2024\/11\/white-pepper.jpg 810w, http:\/\/www.fxsystem.com.tr\/wp-content\/uploads\/2024\/11\/white-pepper-300x194.jpg 300w, http:\/\/www.fxsystem.com.tr\/wp-content\/uploads\/2024\/11\/white-pepper-768x498.jpg 768w\" sizes=\"(max-width: 810px) 100vw, 810px\" \/>\t\t\t\t\t\t\t\t<\/a>\n\t\t\t\t\t\t\t\t\t\t\t<figcaption class=\"widget-image-caption wp-caption-text\">White Pepper<\/figcaption>\n\t\t\t\t\t\t\t\t\t\t<\/figure>\n\t\t\t\t\t\t\t\t\t<\/div>\n\t\t\t\t<\/div>\n\t\t\t\t<div class=\"elementor-element elementor-element-a4d31fd elementor-widget elementor-widget-image\" data-id=\"a4d31fd\" data-element_type=\"widget\" data-e-type=\"widget\" data-widget_type=\"image.default\">\n\t\t\t\t<div class=\"elementor-widget-container\">\n\t\t\t\t\t\t\t\t\t\t\t\t<figure class=\"wp-caption\">\n\t\t\t\t\t\t\t\t\t\t\t<a href=\"http:\/\/www.fxsystem.com.tr\/index.php\/divan-pub-kanyon\/\">\n\t\t\t\t\t\t\t<img loading=\"lazy\" decoding=\"async\" width=\"810\" height=\"520\" src=\"http:\/\/www.fxsystem.com.tr\/wp-content\/uploads\/2024\/11\/kanyon1.jpg\" class=\"elementor-animation-shrink attachment-large size-large wp-image-144\" alt=\"\" srcset=\"http:\/\/www.fxsystem.com.tr\/wp-content\/uploads\/2024\/11\/kanyon1.jpg 810w, http:\/\/www.fxsystem.com.tr\/wp-content\/uploads\/2024\/11\/kanyon1-300x193.jpg 300w, http:\/\/www.fxsystem.com.tr\/wp-content\/uploads\/2024\/11\/kanyon1-768x493.jpg 768w\" sizes=\"(max-width: 810px) 100vw, 810px\" \/>\t\t\t\t\t\t\t\t<\/a>\n\t\t\t\t\t\t\t\t\t\t\t<figcaption class=\"widget-image-caption wp-caption-text\">Divan Pub Kanyon<\/figcaption>\n\t\t\t\t\t\t\t\t\t\t<\/figure>\n\t\t\t\t\t\t\t\t\t<\/div>\n\t\t\t\t<\/div>\n\t\t\t\t<div class=\"elementor-element elementor-element-75e0e41 elementor-widget elementor-widget-image\" data-id=\"75e0e41\" data-element_type=\"widget\" data-e-type=\"widget\" data-widget_type=\"image.default\">\n\t\t\t\t<div class=\"elementor-widget-container\">\n\t\t\t\t\t\t\t\t\t\t\t\t<figure class=\"wp-caption\">\n\t\t\t\t\t\t\t\t\t\t\t<a href=\"http:\/\/www.fxsystem.com.tr\/index.php\/divan-galataport\/\">\n\t\t\t\t\t\t\t<img loading=\"lazy\" decoding=\"async\" width=\"1080\" height=\"1080\" src=\"http:\/\/www.fxsystem.com.tr\/wp-content\/uploads\/2024\/11\/galataport.jpg\" class=\"elementor-animation-shrink attachment-full size-full wp-image-148\" alt=\"\" srcset=\"http:\/\/www.fxsystem.com.tr\/wp-content\/uploads\/2024\/11\/galataport.jpg 1080w, http:\/\/www.fxsystem.com.tr\/wp-content\/uploads\/2024\/11\/galataport-300x300.jpg 300w, http:\/\/www.fxsystem.com.tr\/wp-content\/uploads\/2024\/11\/galataport-1024x1024.jpg 1024w, http:\/\/www.fxsystem.com.tr\/wp-content\/uploads\/2024\/11\/galataport-150x150.jpg 150w, http:\/\/www.fxsystem.com.tr\/wp-content\/uploads\/2024\/11\/galataport-768x768.jpg 768w\" sizes=\"(max-width: 1080px) 100vw, 1080px\" \/>\t\t\t\t\t\t\t\t<\/a>\n\t\t\t\t\t\t\t\t\t\t\t<figcaption class=\"widget-image-caption wp-caption-text\">Divan Galataport<\/figcaption>\n\t\t\t\t\t\t\t\t\t\t<\/figure>\n\t\t\t\t\t\t\t\t\t<\/div>\n\t\t\t\t<\/div>\n\t\t\t\t<div class=\"elementor-element elementor-element-ac078f5 elementor-widget elementor-widget-image\" data-id=\"ac078f5\" data-element_type=\"widget\" data-e-type=\"widget\" data-widget_type=\"image.default\">\n\t\t\t\t<div class=\"elementor-widget-container\">\n\t\t\t\t\t\t\t\t\t\t\t\t<figure class=\"wp-caption\">\n\t\t\t\t\t\t\t\t\t\t\t<a href=\"http:\/\/www.fxsystem.com.tr\/index.php\/divan-brasserie-bebek\/\">\n\t\t\t\t\t\t\t<img loading=\"lazy\" decoding=\"async\" width=\"810\" height=\"525\" src=\"http:\/\/www.fxsystem.com.tr\/wp-content\/uploads\/2024\/11\/bebek1.jpg\" class=\"elementor-animation-shrink attachment-large size-large wp-image-139\" alt=\"\" srcset=\"http:\/\/www.fxsystem.com.tr\/wp-content\/uploads\/2024\/11\/bebek1.jpg 810w, http:\/\/www.fxsystem.com.tr\/wp-content\/uploads\/2024\/11\/bebek1-300x194.jpg 300w, http:\/\/www.fxsystem.com.tr\/wp-content\/uploads\/2024\/11\/bebek1-768x498.jpg 768w\" sizes=\"(max-width: 810px) 100vw, 810px\" \/>\t\t\t\t\t\t\t\t<\/a>\n\t\t\t\t\t\t\t\t\t\t\t<figcaption class=\"widget-image-caption wp-caption-text\">Divan Brasserie Bebek<\/figcaption>\n\t\t\t\t\t\t\t\t\t\t<\/figure>\n\t\t\t\t\t\t\t\t\t<\/div>\n\t\t\t\t<\/div>\n\t\t\t\t<div class=\"elementor-element elementor-element-8e9a3a9 elementor-widget elementor-widget-image\" data-id=\"8e9a3a9\" data-element_type=\"widget\" data-e-type=\"widget\" data-widget_type=\"image.default\">\n\t\t\t\t<div class=\"elementor-widget-container\">\n\t\t\t\t\t\t\t\t\t\t\t\t<figure class=\"wp-caption\">\n\t\t\t\t\t\t\t\t\t\t\t<a href=\"http:\/\/www.fxsystem.com.tr\/index.php\/divan-kurucesme-bistro\/\">\n\t\t\t\t\t\t\t<img loading=\"lazy\" decoding=\"async\" width=\"810\" height=\"525\" src=\"http:\/\/www.fxsystem.com.tr\/wp-content\/uploads\/2024\/11\/kuruces.jpg\" class=\"elementor-animation-shrink attachment-large size-large wp-image-151\" alt=\"\" srcset=\"http:\/\/www.fxsystem.com.tr\/wp-content\/uploads\/2024\/11\/kuruces.jpg 810w, http:\/\/www.fxsystem.com.tr\/wp-content\/uploads\/2024\/11\/kuruces-300x194.jpg 300w, http:\/\/www.fxsystem.com.tr\/wp-content\/uploads\/2024\/11\/kuruces-768x498.jpg 768w\" sizes=\"(max-width: 810px) 100vw, 810px\" \/>\t\t\t\t\t\t\t\t<\/a>\n\t\t\t\t\t\t\t\t\t\t\t<figcaption class=\"widget-image-caption wp-caption-text\">Divan Kuru\u00e7e\u015fme Bistro<\/figcaption>\n\t\t\t\t\t\t\t\t\t\t<\/figure>\n\t\t\t\t\t\t\t\t\t<\/div>\n\t\t\t\t<\/div>\n\t\t\t\t<div class=\"elementor-element elementor-element-f3390ac elementor-widget elementor-widget-image\" data-id=\"f3390ac\" data-element_type=\"widget\" data-e-type=\"widget\" data-widget_type=\"image.default\">\n\t\t\t\t<div class=\"elementor-widget-container\">\n\t\t\t\t\t\t\t\t\t\t\t\t<figure class=\"wp-caption\">\n\t\t\t\t\t\t\t\t\t\t\t<a href=\"http:\/\/www.fxsystem.com.tr\/index.php\/divan-cafeteria-zincirlikuyu-medicana\/\">\n\t\t\t\t\t\t\t<img loading=\"lazy\" decoding=\"async\" width=\"810\" height=\"520\" src=\"http:\/\/www.fxsystem.com.tr\/wp-content\/uploads\/2024\/11\/zkuyu2.jpg\" class=\"elementor-animation-shrink attachment-large size-large wp-image-136\" alt=\"\" srcset=\"http:\/\/www.fxsystem.com.tr\/wp-content\/uploads\/2024\/11\/zkuyu2.jpg 810w, http:\/\/www.fxsystem.com.tr\/wp-content\/uploads\/2024\/11\/zkuyu2-300x193.jpg 300w, http:\/\/www.fxsystem.com.tr\/wp-content\/uploads\/2024\/11\/zkuyu2-768x493.jpg 768w\" sizes=\"(max-width: 810px) 100vw, 810px\" \/>\t\t\t\t\t\t\t\t<\/a>\n\t\t\t\t\t\t\t\t\t\t\t<figcaption class=\"widget-image-caption wp-caption-text\">Divan Cafeteria Zincirlikuyu Medicana<\/figcaption>\n\t\t\t\t\t\t\t\t\t\t<\/figure>\n\t\t\t\t\t\t\t\t\t<\/div>\n\t\t\t\t<\/div>\n\t\t\t\t\t<\/div>\n\t\t\t\t<\/div>\n\t\t<div class=\"elementor-element elementor-element-23e112b e-grid e-con-boxed e-con e-parent\" data-id=\"23e112b\" data-element_type=\"container\" data-e-type=\"container\">\n\t\t\t\t\t<div class=\"e-con-inner\">\n\t\t\t\t<div class=\"elementor-element elementor-element-0bf5f5b elementor-widget elementor-widget-image\" data-id=\"0bf5f5b\" data-element_type=\"widget\" data-e-type=\"widget\" data-widget_type=\"image.default\">\n\t\t\t\t<div class=\"elementor-widget-container\">\n\t\t\t\t\t\t\t\t\t\t\t\t<figure class=\"wp-caption\">\n\t\t\t\t\t\t\t\t\t\t\t<a href=\"http:\/\/www.fxsystem.com.tr\/index.php\/divan-cafeteria-atakoy-medicana-hastanesi\/\">\n\t\t\t\t\t\t\t<img loading=\"lazy\" decoding=\"async\" width=\"1707\" height=\"2560\" src=\"http:\/\/www.fxsystem.com.tr\/wp-content\/uploads\/2024\/11\/atakoy1-scaled.jpg\" class=\"elementor-animation-shrink attachment-full size-full wp-image-131\" alt=\"\" srcset=\"http:\/\/www.fxsystem.com.tr\/wp-content\/uploads\/2024\/11\/atakoy1-scaled.jpg 1707w, http:\/\/www.fxsystem.com.tr\/wp-content\/uploads\/2024\/11\/atakoy1-200x300.jpg 200w, http:\/\/www.fxsystem.com.tr\/wp-content\/uploads\/2024\/11\/atakoy1-683x1024.jpg 683w, http:\/\/www.fxsystem.com.tr\/wp-content\/uploads\/2024\/11\/atakoy1-768x1152.jpg 768w, http:\/\/www.fxsystem.com.tr\/wp-content\/uploads\/2024\/11\/atakoy1-1024x1536.jpg 1024w, http:\/\/www.fxsystem.com.tr\/wp-content\/uploads\/2024\/11\/atakoy1-1365x2048.jpg 1365w\" sizes=\"(max-width: 1707px) 100vw, 1707px\" \/>\t\t\t\t\t\t\t\t<\/a>\n\t\t\t\t\t\t\t\t\t\t\t<figcaption class=\"widget-image-caption wp-caption-text\">Divan Cafeteria Atak\u00f6y Medicana Hastanesi<\/figcaption>\n\t\t\t\t\t\t\t\t\t\t<\/figure>\n\t\t\t\t\t\t\t\t\t<\/div>\n\t\t\t\t<\/div>\n\t\t\t\t<div class=\"elementor-element elementor-element-3f7db1f elementor-widget elementor-widget-image\" data-id=\"3f7db1f\" data-element_type=\"widget\" data-e-type=\"widget\" data-widget_type=\"image.default\">\n\t\t\t\t<div class=\"elementor-widget-container\">\n\t\t\t\t\t\t\t\t\t\t\t\t<figure class=\"wp-caption\">\n\t\t\t\t\t\t\t\t\t\t\t<a href=\"http:\/\/www.fxsystem.com.tr\/index.php\/divan-pub-akaretler\/\">\n\t\t\t\t\t\t\t<img loading=\"lazy\" decoding=\"async\" width=\"810\" height=\"520\" src=\"http:\/\/www.fxsystem.com.tr\/wp-content\/uploads\/2024\/11\/akaret2.jpg\" class=\"elementor-animation-shrink attachment-full size-full wp-image-128\" alt=\"\" srcset=\"http:\/\/www.fxsystem.com.tr\/wp-content\/uploads\/2024\/11\/akaret2.jpg 810w, http:\/\/www.fxsystem.com.tr\/wp-content\/uploads\/2024\/11\/akaret2-300x193.jpg 300w, http:\/\/www.fxsystem.com.tr\/wp-content\/uploads\/2024\/11\/akaret2-768x493.jpg 768w\" sizes=\"(max-width: 810px) 100vw, 810px\" \/>\t\t\t\t\t\t\t\t<\/a>\n\t\t\t\t\t\t\t\t\t\t\t<figcaption class=\"widget-image-caption wp-caption-text\">Divan Pub Akaretler<\/figcaption>\n\t\t\t\t\t\t\t\t\t\t<\/figure>\n\t\t\t\t\t\t\t\t\t<\/div>\n\t\t\t\t<\/div>\n\t\t\t\t<div class=\"elementor-element elementor-element-1a3e7e9 elementor-widget elementor-widget-image\" data-id=\"1a3e7e9\" data-element_type=\"widget\" data-e-type=\"widget\" data-widget_type=\"image.default\">\n\t\t\t\t<div class=\"elementor-widget-container\">\n\t\t\t\t\t\t\t\t\t\t\t\t<figure class=\"wp-caption\">\n\t\t\t\t\t\t\t\t\t\t\t<a href=\"http:\/\/www.fxsystem.com.tr\/index.php\/divan-pub-caddebostan\/\">\n\t\t\t\t\t\t\t<img loading=\"lazy\" decoding=\"async\" width=\"810\" height=\"526\" src=\"http:\/\/www.fxsystem.com.tr\/wp-content\/uploads\/2024\/11\/2caddebstan.jpg\" class=\"elementor-animation-shrink attachment-full size-full wp-image-123\" alt=\"\" srcset=\"http:\/\/www.fxsystem.com.tr\/wp-content\/uploads\/2024\/11\/2caddebstan.jpg 810w, http:\/\/www.fxsystem.com.tr\/wp-content\/uploads\/2024\/11\/2caddebstan-300x195.jpg 300w, http:\/\/www.fxsystem.com.tr\/wp-content\/uploads\/2024\/11\/2caddebstan-768x499.jpg 768w\" sizes=\"(max-width: 810px) 100vw, 810px\" \/>\t\t\t\t\t\t\t\t<\/a>\n\t\t\t\t\t\t\t\t\t\t\t<figcaption class=\"widget-image-caption wp-caption-text\">Divan Pub Caddebostan<\/figcaption>\n\t\t\t\t\t\t\t\t\t\t<\/figure>\n\t\t\t\t\t\t\t\t\t<\/div>\n\t\t\t\t<\/div>\n\t\t\t\t<div class=\"elementor-element elementor-element-61e749d elementor-widget elementor-widget-image\" data-id=\"61e749d\" data-element_type=\"widget\" data-e-type=\"widget\" data-widget_type=\"image.default\">\n\t\t\t\t<div class=\"elementor-widget-container\">\n\t\t\t\t\t\t\t\t\t\t\t\t<figure class=\"wp-caption\">\n\t\t\t\t\t\t\t\t\t\t\t<a href=\"http:\/\/www.fxsystem.com.tr\/index.php\/divan-lotus-bistro\/\">\n\t\t\t\t\t\t\t<img loading=\"lazy\" decoding=\"async\" width=\"810\" height=\"520\" src=\"http:\/\/www.fxsystem.com.tr\/wp-content\/uploads\/2024\/11\/divan-lotus.jpg\" class=\"elementor-animation-shrink attachment-large size-large wp-image-81\" alt=\"\" srcset=\"http:\/\/www.fxsystem.com.tr\/wp-content\/uploads\/2024\/11\/divan-lotus.jpg 810w, http:\/\/www.fxsystem.com.tr\/wp-content\/uploads\/2024\/11\/divan-lotus-300x193.jpg 300w, http:\/\/www.fxsystem.com.tr\/wp-content\/uploads\/2024\/11\/divan-lotus-768x493.jpg 768w\" sizes=\"(max-width: 810px) 100vw, 810px\" \/>\t\t\t\t\t\t\t\t<\/a>\n\t\t\t\t\t\t\t\t\t\t\t<figcaption class=\"widget-image-caption wp-caption-text\">Divan Lotus Bistro<\/figcaption>\n\t\t\t\t\t\t\t\t\t\t<\/figure>\n\t\t\t\t\t\t\t\t\t<\/div>\n\t\t\t\t<\/div>\n\t\t\t\t<div class=\"elementor-element elementor-element-f104112 elementor-widget elementor-widget-image\" data-id=\"f104112\" data-element_type=\"widget\" data-e-type=\"widget\" data-widget_type=\"image.default\">\n\t\t\t\t<div class=\"elementor-widget-container\">\n\t\t\t\t\t\t\t\t\t\t\t\t<figure class=\"wp-caption\">\n\t\t\t\t\t\t\t\t\t\t\t<a href=\"http:\/\/www.fxsystem.com.tr\/index.php\/divan-pub-citys-istanbul\/\">\n\t\t\t\t\t\t\t<img loading=\"lazy\" decoding=\"async\" width=\"810\" height=\"520\" src=\"http:\/\/www.fxsystem.com.tr\/wp-content\/uploads\/2024\/11\/citys.jpg\" class=\"elementor-animation-shrink attachment-large size-large wp-image-88\" alt=\"\" srcset=\"http:\/\/www.fxsystem.com.tr\/wp-content\/uploads\/2024\/11\/citys.jpg 810w, http:\/\/www.fxsystem.com.tr\/wp-content\/uploads\/2024\/11\/citys-300x193.jpg 300w, http:\/\/www.fxsystem.com.tr\/wp-content\/uploads\/2024\/11\/citys-768x493.jpg 768w\" sizes=\"(max-width: 810px) 100vw, 810px\" \/>\t\t\t\t\t\t\t\t<\/a>\n\t\t\t\t\t\t\t\t\t\t\t<figcaption class=\"widget-image-caption wp-caption-text\">Divan Pub City\u2019s \u0130stanbul<\/figcaption>\n\t\t\t\t\t\t\t\t\t\t<\/figure>\n\t\t\t\t\t\t\t\t\t<\/div>\n\t\t\t\t<\/div>\n\t\t\t\t\t<\/div>\n\t\t\t\t<\/div>\n\t\t\t\t\t<\/div>\n\t\t<\/div>\n\t\t\t\t\t<\/div>\n\t\t<\/section>\n\t\t\t\t<\/div>\n\t\t","protected":false},"excerpt":{"rendered":"<p>PROJELER\u0130M\u0130Z PROJELER\u0130M\u0130Z \u0130BB FAT\u0130H KAR\u0130YE SOSYAL YA\u015eAM MERKEZ\u0130 \u0130BB KARTAL SOSYAL YA\u015eAM MERKEZ\u0130 White Pepper Divan Pub Kanyon Divan Galataport Divan Brasserie Bebek Divan Kuru\u00e7e\u015fme Bistro Divan Cafeteria Zincirlikuyu Medicana Divan Cafeteria Atak\u00f6y Medicana Hastanesi Divan Pub Akaretler Divan Pub Caddebostan Divan Lotus Bistro Divan Pub City\u2019s \u0130stanbul<\/p>\n","protected":false},"author":1,"featured_media":0,"parent":0,"menu_order":0,"comment_status":"closed","ping_status":"closed","template":"elementor_header_footer","meta":{"_eb_attr":"","footnotes":""},"class_list":["post-181","page","type-page","status-publish","hentry"],"_links":{"self":[{"href":"https:\/\/www.fxsystem.com.tr\/index.php\/wp-json\/wp\/v2\/pages\/181","targetHints":{"allow":["GET"]}}],"collection":[{"href":"https:\/\/www.fxsystem.com.tr\/index.php\/wp-json\/wp\/v2\/pages"}],"about":[{"href":"https:\/\/www.fxsystem.com.tr\/index.php\/wp-json\/wp\/v2\/types\/page"}],"author":[{"embeddable":true,"href":"https:\/\/www.fxsystem.com.tr\/index.php\/wp-json\/wp\/v2\/users\/1"}],"replies":[{"embeddable":true,"href":"https:\/\/www.fxsystem.com.tr\/index.php\/wp-json\/wp\/v2\/comments?post=181"}],"version-history":[{"count":4,"href":"https:\/\/www.fxsystem.com.tr\/index.php\/wp-json\/wp\/v2\/pages\/181\/revisions"}],"predecessor-version":[{"id":186,"href":"https:\/\/www.fxsystem.com.tr\/index.php\/wp-json\/wp\/v2\/pages\/181\/revisions\/186"}],"wp:attachment":[{"href":"https:\/\/www.fxsystem.com.tr\/index.php\/wp-json\/wp\/v2\/media?parent=181"}],"curies":[{"name":"wp","href":"https:\/\/api.w.org\/{rel}","templated":true}]}}